{"id":5103,"date":"2025-11-12T12:05:22","date_gmt":"2025-11-12T12:05:22","guid":{"rendered":"https:\/\/ilcamminodellapace.it\/como-nacio\/"},"modified":"2026-01-19T15:19:16","modified_gmt":"2026-01-19T15:19:16","slug":"como-nacio","status":"publish","type":"page","link":"https:\/\/ilcamminodellapace.it\/es\/como-nacio\/","title":{"rendered":"C\u00f3mo naci\u00f3"},"content":{"rendered":"\t\t<div data-elementor-type=\"wp-page\" data-elementor-id=\"5103\" class=\"elementor elementor-5103 elementor-1144\" data-elementor-post-type=\"page\">\n\t\t\t\t<div class=\"elementor-element elementor-element-1eca1404 e-flex e-con-boxed e-con e-parent\" data-id=\"1eca1404\" data-element_type=\"container\" data-e-type=\"container\">\n\t\t\t\t\t<div class=\"e-con-inner\">\n\t\t\t\t<div class=\"elementor-element elementor-element-5b7bd55 elementor-widget elementor-widget-ucaddon_side_border_heading\" data-id=\"5b7bd55\" data-element_type=\"widget\" data-e-type=\"widget\" data-widget_type=\"ucaddon_side_border_heading.default\">\n\t\t\t\t<div class=\"elementor-widget-container\">\n\t\t\t\t\t\n<!-- start Side Line Heading -->\n<style>\/* widget: Side Line Heading *\/\n\n#uc_side_border_heading_elementor_5b7bd55\n{\n  display:flex;\n}\n\n#uc_side_border_heading_elementor_5b7bd55 .side_border_heading_title\n{\n  color:black;\n}\n\n#uc_side_border_heading_elementor_5b7bd55 .side_border_heading_subtitle\n{\n  line-height:1.5em;\n  color:gray;\n}\n#uc_side_border_heading_elementor_5b7bd55 .side_border_heading_line_holder{\nflex-shrink: 0;\n}\n\n#uc_side_border_heading_elementor_5b7bd55 .side_border_heading_line_spacer{\nflex-shrink: 0;\n}\n\n<\/style>\n\n<div id=\"uc_side_border_heading_elementor_5b7bd55\">\n  <div class=\"side_border_heading_line_holder\"><div class=\"side_border_heading_line\" style=\"background-color:#1F4361;\"><\/div><\/div>\n  <div class=\"side_border_heading_line_spacer\"><\/div>\n  <div>\n    <div class=\"side_border_heading_title\"><span  class=\"uc_style_side_border_heading_elementor_title\" style=\"color:#1F4361;\">C\u00f3mo naci\u00f3<\/span><\/div>\n    <div class=\"side_border_heading_subtitle\"><\/div>\n  <\/div>\n<\/div>\n<!-- end Side Line Heading -->\t\t\t\t<\/div>\n\t\t\t\t<\/div>\n\t\t\t\t<div class=\"elementor-element elementor-element-6d873634 elementor-widget elementor-widget-text-editor\" data-id=\"6d873634\" data-element_type=\"widget\" data-e-type=\"widget\" data-widget_type=\"text-editor.default\">\n\t\t\t\t\t\t\t\t\t<p>Cammino indica un proceder lento pero progresivo con una direcci\u00f3n; no es un simple paseo, ni tampoco una marcha, que lleva en s\u00ed algo, si no agresivo, de un avance ordenado y uniforme, en\u00e9rgico, hacia una meta exterior que hay que conquistar. La marcha indica, sobre todo, que el avance no es s\u00f3lo de la m\u00e1quina humana, sino, en uno con ella, del esp\u00edritu, que vuelve sobre s\u00ed mismo en una captaci\u00f3n cada vez m\u00e1s plena y profunda de s\u00ed mismo. Es un viaje (\u00a1otra palabra altamente simb\u00f3lica!) de interioridad, de conocimiento y conciencia, de meditaci\u00f3n y potenciaci\u00f3n. Los frutos de una caminata no s\u00f3lo recaen en quienes la practican, sino tambi\u00e9n en quienes se cruzan con los caminantes y los observan, porque se convierten en testigos de \u00abalgo\u00bb, provocan preguntas (\u00ab\u00bfpor qu\u00e9 lo hacen?\u00bb) sobre una actividad que tiene la belleza de la gratuidad.   <\/p><p>La idea de una Marcha por la Paz de L&#8217;Aquila a Monte Sant&#8217;Angelo surgi\u00f3 y se aclar\u00f3 en la mente de Luciano Caramanico durante el terremoto de abril de 2009. La hija de Caramanico, Alessandra, es estudiante universitaria en la ciudad. El consejo de su padre, ingeniero, es que se quede, en la sucesi\u00f3n diaria de terremotos, en un edificio de hormig\u00f3n armado considerado m\u00e1s seguro. Por un azar fortuito, la noche de la tragedia, la chica duerme, en cambio, en una vieja casa del centro de la ciudad, tambi\u00e9n un poco destartalada, \u00a1y se salva! El edificio de hormig\u00f3n armado se derrumba, el de mamposter\u00eda resiste.<br>La semana siguiente al terremoto, Alessandra, que es muy devota del Padre P\u00edo, expresa su deseo de visitar San Giovanni Rotondo con toda su familia.    <\/p><p>El Sendero tiene su propia anticipaci\u00f3n, en 2010, en la ruta L&#8217;Aquila &#8211; Guardiagrele. Es el resultado de un hermanamiento entre las secciones CAI de las dos ciudades, siendo Caramanico presidente de la de Guardiagrele. <\/p><p>El terremoto sigue siendo un bicho mental que le empuja a hacer m\u00e1s y mejor: el camino debe, en el futuro, ir de L&#8217;Aquila a San Giovanni Rotondo y luego al Monte Sant&#8217;Angelo.<\/p><p>Este es el proyecto.<\/p><p>La decisi\u00f3n de hacerlo realidad se tom\u00f3 en consulta con el Dr. Ernesto Salerni, que forma parte del consejo de ARBOR, una fundaci\u00f3n suiza que trabaja en todo el mundo con proyectos humanitarios interculturales e interreligiosos.<\/p>\t\t\t\t\t\t\t\t<\/div>\n\t\t\t\t<div class=\"elementor-element elementor-element-623c7ba elementor-widget elementor-widget-heading\" data-id=\"623c7ba\" data-element_type=\"widget\" data-e-type=\"widget\" data-widget_type=\"heading.default\">\n\t\t\t\t\t<h2 class=\"elementor-heading-title elementor-size-default\">\u00bfPor qu\u00e9 una Marcha por la Paz?<\/h2>\t\t\t\t<\/div>\n\t\t\t\t<div class=\"elementor-element elementor-element-5939543 elementor-widget elementor-widget-text-editor\" data-id=\"5939543\" data-element_type=\"widget\" data-e-type=\"widget\" data-widget_type=\"text-editor.default\">\n\t\t\t\t\t\t\t\t\t<p>Porque la paz es el mayor bien del que proceden todos los dem\u00e1s; \u00a1es la esperanza de todo hombre, en toda \u00e9poca! Pero no es un don gratuito que cae de lo alto, sino el fruto del empe\u00f1o esforzado de todos los hombres de buena voluntad dispuestos a confiar en los dem\u00e1s, a la benevolencia y a la justicia; por eso el Camino est\u00e1 abierto a todos, es interreligioso. <\/p><p>La paz crea condiciones favorables para la creatividad humana encarnada y visible en la diversidad de los paisajes y su aparici\u00f3n del arte; de ah\u00ed que el Camino sea intercultural.<\/p><p>La realizaci\u00f3n de un proyecto como la Marcha de la Paz no es f\u00e1cil, plantea muchos problemas organizativos y pr\u00e1cticos, el m\u00e1s importante de los cuales es el del recorrido. Para su identificaci\u00f3n, llevada a cabo mediante un estudio preciso de la zona, colaboraron Cristoforo Sante Di Giovanni, de Caramanico, como fot\u00f3grafo, y Lucio Taraborrelli, que posteriormente fue cooptado en el proyecto y se preocup\u00f3 de profundizar en la dimensi\u00f3n hist\u00f3rico-cultural de los lugares que se atravesar\u00edan, que inicialmente se tuvo poco en cuenta. <\/p><p>As\u00ed naci\u00f3 la<a href=\"https:\/\/ilcamminodellapace.it\/es\/sobre-nosotros\/\">Marcha de la<\/a> Paz, <strong>29 etapas a trav\u00e9s de tres regiones italianas<\/strong>, durante m\u00e1s de 500 km siguiendo los pasos de la Historia; en julio de 2018, se constituy\u00f3 formalmente laAsociaci\u00f3n \u00abIl Cammino della Pace APS \u00bb y se registraron tanto el logotipo (dise\u00f1ado por Chiara Taraborrelli) como el recorrido.<\/p><p>Organismos (como el Parque Nacional de Maiella), fundaciones y asociaciones siguen adhiri\u00e9ndose a la Marcha, todos marchando hacia un turismo verde, silencioso y sostenible, respetuoso con el medio ambiente, el paisaje y las huellas milenarias del hombre.<\/p>\t\t\t\t\t\t\t\t<\/div>\n\t\t\t\t\t<\/div>\n\t\t\t\t<\/div>\n\t\t\t\t<\/div>\n\t\t","protected":false},"excerpt":{"rendered":"<p>Cammino indica un proceder lento pero progresivo con una direcci\u00f3n; no es un simple paseo, ni tampoco una marcha, que lleva en s\u00ed algo, si no agresivo, de un avance ordenado y uniforme, en\u00e9rgico, hacia una meta exterior que hay que conquistar. La marcha indica, sobre todo, que el avance no es s\u00f3lo de la [&hellip;]<\/p>\n","protected":false},"author":2,"featured_media":5104,"parent":0,"menu_order":0,"comment_status":"closed","ping_status":"closed","template":"","meta":{"_acf_changed":false,"footnotes":""},"class_list":["post-5103","page","type-page","status-publish","has-post-thumbnail","hentry"],"acf":[],"_links":{"self":[{"href":"https:\/\/ilcamminodellapace.it\/es\/wp-json\/wp\/v2\/pages\/5103","targetHints":{"allow":["GET"]}}],"collection":[{"href":"https:\/\/ilcamminodellapace.it\/es\/wp-json\/wp\/v2\/pages"}],"about":[{"href":"https:\/\/ilcamminodellapace.it\/es\/wp-json\/wp\/v2\/types\/page"}],"author":[{"embeddable":true,"href":"https:\/\/ilcamminodellapace.it\/es\/wp-json\/wp\/v2\/users\/2"}],"replies":[{"embeddable":true,"href":"https:\/\/ilcamminodellapace.it\/es\/wp-json\/wp\/v2\/comments?post=5103"}],"version-history":[{"count":2,"href":"https:\/\/ilcamminodellapace.it\/es\/wp-json\/wp\/v2\/pages\/5103\/revisions"}],"predecessor-version":[{"id":5112,"href":"https:\/\/ilcamminodellapace.it\/es\/wp-json\/wp\/v2\/pages\/5103\/revisions\/5112"}],"wp:featuredmedia":[{"embeddable":true,"href":"https:\/\/ilcamminodellapace.it\/es\/wp-json\/wp\/v2\/media\/5104"}],"wp:attachment":[{"href":"https:\/\/ilcamminodellapace.it\/es\/wp-json\/wp\/v2\/media?parent=5103"}],"curies":[{"name":"wp","href":"https:\/\/api.w.org\/{rel}","templated":true}]}}

Cómo nació

<div data-elementor-type="wp-page" data-elementor-id="5103" class="elementor elementor-5103 elementor-1144" data-elementor-post-type="page">
				<div class="elementor-element elementor-element-1eca1404 e-flex e-con-boxed e-con e-parent" data-id="1eca1404" data-element_type="container" data-e-type="container">
					<div class="e-con-inner">
				<div class="elementor-element elementor-element-5b7bd55 elementor-widget elementor-widget-ucaddon_side_border_heading" data-id="5b7bd55" data-element_type="widget" data-e-type="widget" data-widget_type="ucaddon_side_border_heading.default">
				<div class="elementor-widget-container">
					
<!-- start Side Line Heading -->
<style>/* widget: Side Line Heading */

#uc_side_border_heading_elementor_5b7bd55
{
  display:flex;
}

#uc_side_border_heading_elementor_5b7bd55 .side_border_heading_title
{
  color:black;
}

#uc_side_border_heading_elementor_5b7bd55 .side_border_heading_subtitle
{
  line-height:1.5em;
  color:gray;
}
#uc_side_border_heading_elementor_5b7bd55 .side_border_heading_line_holder{
flex-shrink: 0;
}

#uc_side_border_heading_elementor_5b7bd55 .side_border_heading_line_spacer{
flex-shrink: 0;
}

</style>

<div id="uc_side_border_heading_elementor_5b7bd55">
  <div class="side_border_heading_line_holder"><div class="side_border_heading_line" style="background-color:#1F4361;"></div></div>
  <div class="side_border_heading_line_spacer"></div>
  <div>
    <div class="side_border_heading_title"><span  class="uc_style_side_border_heading_elementor_title" style="color:#1F4361;">Cómo nació</span></div>
    <div class="side_border_heading_subtitle"></div>
  </div>
</div>
<!-- end Side Line Heading -->				</div>
				</div>
				<div class="elementor-element elementor-element-6d873634 elementor-widget elementor-widget-text-editor" data-id="6d873634" data-element_type="widget" data-e-type="widget" data-widget_type="text-editor.default">
									<p>Cammino indica un proceder lento pero progresivo con una dirección; no es un simple paseo, ni tampoco una marcha, que lleva en sí algo, si no agresivo, de un avance ordenado y uniforme, enérgico, hacia una meta exterior que hay que conquistar. La marcha indica, sobre todo, que el avance no es sólo de la máquina humana, sino, en uno con ella, del espíritu, que vuelve sobre sí mismo en una captación cada vez más plena y profunda de sí mismo. Es un viaje (¡otra palabra altamente simbólica!) de interioridad, de conocimiento y conciencia, de meditación y potenciación. Los frutos de una caminata no sólo recaen en quienes la practican, sino también en quienes se cruzan con los caminantes y los observan, porque se convierten en testigos de «algo», provocan preguntas («¿por qué lo hacen?») sobre una actividad que tiene la belleza de la gratuidad.   </p><p>La idea de una Marcha por la Paz de L&#8217;Aquila a Monte Sant&#8217;Angelo surgió y se aclaró en la mente de Luciano Caramanico durante el terremoto de abril de 2009. La hija de Caramanico, Alessandra, es estudiante universitaria en la ciudad. El consejo de su padre, ingeniero, es que se quede, en la sucesión diaria de terremotos, en un edificio de hormigón armado considerado más seguro. Por un azar fortuito, la noche de la tragedia, la chica duerme, en cambio, en una vieja casa del centro de la ciudad, también un poco destartalada, ¡y se salva! El edificio de hormigón armado se derrumba, el de mampostería resiste.<br>La semana siguiente al terremoto, Alessandra, que es muy devota del Padre Pío, expresa su deseo de visitar San Giovanni Rotondo con toda su familia.    </p><p>El Sendero tiene su propia anticipación, en 2010, en la ruta L&#8217;Aquila &#8211; Guardiagrele. Es el resultado de un hermanamiento entre las secciones CAI de las dos ciudades, siendo Caramanico presidente de la de Guardiagrele. </p><p>El terremoto sigue siendo un bicho mental que le empuja a hacer más y mejor: el camino debe, en el futuro, ir de L&#8217;Aquila a San Giovanni Rotondo y luego al Monte Sant&#8217;Angelo.</p><p>Este es el proyecto.</p><p>La decisión de hacerlo realidad se tomó en consulta con el Dr. Ernesto Salerni, que forma parte del consejo de ARBOR, una fundación suiza que trabaja en todo el mundo con proyectos humanitarios interculturales e interreligiosos.</p>								</div>
				<div class="elementor-element elementor-element-623c7ba elementor-widget elementor-widget-heading" data-id="623c7ba" data-element_type="widget" data-e-type="widget" data-widget_type="heading.default">
					<h2 class="elementor-heading-title elementor-size-default">¿Por qué una Marcha por la Paz?</h2>				</div>
				<div class="elementor-element elementor-element-5939543 elementor-widget elementor-widget-text-editor" data-id="5939543" data-element_type="widget" data-e-type="widget" data-widget_type="text-editor.default">
									<p>Porque la paz es el mayor bien del que proceden todos los demás; ¡es la esperanza de todo hombre, en toda época! Pero no es un don gratuito que cae de lo alto, sino el fruto del empeño esforzado de todos los hombres de buena voluntad dispuestos a confiar en los demás, a la benevolencia y a la justicia; por eso el Camino está abierto a todos, es interreligioso. </p><p>La paz crea condiciones favorables para la creatividad humana encarnada y visible en la diversidad de los paisajes y su aparición del arte; de ahí que el Camino sea intercultural.</p><p>La realización de un proyecto como la Marcha de la Paz no es fácil, plantea muchos problemas organizativos y prácticos, el más importante de los cuales es el del recorrido. Para su identificación, llevada a cabo mediante un estudio preciso de la zona, colaboraron Cristoforo Sante Di Giovanni, de Caramanico, como fotógrafo, y Lucio Taraborrelli, que posteriormente fue cooptado en el proyecto y se preocupó de profundizar en la dimensión histórico-cultural de los lugares que se atravesarían, que inicialmente se tuvo poco en cuenta. </p><p>Así nació la<a href="https://ilcamminodellapace.it/es/sobre-nosotros/">Marcha de la</a> Paz, <strong>29 etapas a través de tres regiones italianas</strong>, durante más de 500 km siguiendo los pasos de la Historia; en julio de 2018, se constituyó formalmente laAsociación «Il Cammino della Pace APS » y se registraron tanto el logotipo (diseñado por Chiara Taraborrelli) como el recorrido.</p><p>Organismos (como el Parque Nacional de Maiella), fundaciones y asociaciones siguen adhiriéndose a la Marcha, todos marchando hacia un turismo verde, silencioso y sostenible, respetuoso con el medio ambiente, el paisaje y las huellas milenarias del hombre.</p>								</div>
					</div>
				</div>
				</div>

<p>Cammino indica un proceder lento pero progresivo con una dirección; no es un simple paseo, ni tampoco una marcha, que lleva en sí algo, si no agresivo, de un avance ordenado y uniforme, enérgico, hacia una meta exterior que hay que conquistar. La marcha indica, sobre todo, que el avance no es sólo de la [&hellip;]</p>
