{"id":4331,"date":"2025-11-25T13:39:27","date_gmt":"2025-11-25T13:39:27","guid":{"rendered":"https:\/\/ilcamminodellapace.it\/point-of-interest\/abadia-de-santa-maria-asunta-bominaco\/"},"modified":"2025-11-25T13:39:27","modified_gmt":"2025-11-25T13:39:27","slug":"abadia-de-santa-maria-asunta-bominaco","status":"publish","type":"point-of-interest","link":"https:\/\/ilcamminodellapace.it\/es\/point-of-interest\/abadia-de-santa-maria-asunta-bominaco\/","title":{"rendered":"Abad\u00eda de Santa Mar\u00eda Asunta &#8211; Bominaco"},"content":{"rendered":"<p>La importante abad\u00eda benedictina de Santa Mar\u00eda est\u00e1 situada en una colina rocosa dominada por el antiguo castillo de Bominaco, una fortaleza que controlaba tanto la meseta al noreste, atravesada por el camino de las ovejas, como el valle del r\u00edo Aterno al suroeste. El complejo mon\u00e1stico, del que s\u00f3lo queda la iglesia, parece haber sido fundado antes del a\u00f1o 1000, pero fue renovado en el siglo XII, en un momento en que estall\u00f3 una larga disputa por el control de la abad\u00eda entre el obispo de Valva y el abad de Bominaco, que no deseaba someterse a la autoridad diocesana. La iglesia, restaurada con la supresi\u00f3n de los a\u00f1adidos barrocos, tiene planta basilical de tres naves, jalonadas por columnas monol\u00edticas de reutilizaci\u00f3n y cerradas por otros tantos \u00e1bsides; las decoraciones escult\u00f3ricas del sencillo portal de entrada y las ventanas de una sola lanceta de los \u00e1bsides datan del siglo XII, \u00e9poca a la que pertenecen el amb\u00f3n de piedra preciosa con caja cuadrangular (fechado en 1180 &#8211; fig. derecha), el candelabro para el cirio pascual, enroscado en un le\u00f3n estiliforme con capitel ricamente tallado, y la silla abacial, situada en la parte inferior del \u00e1bside central, encargada por el abad Juan en 1184. Fechado en 1223, en cambio, es el valioso conjunto altar-ciborio, con una larga inscripci\u00f3n dedicatoria que recuerda al papa Honorio III, al emperador Federico II y al abad Berardo, que lo encarg\u00f3.   <\/p>\n","protected":false},"featured_media":4332,"template":"","meta":{"_acf_changed":false},"poi_category":[49],"tipologia_poi":[50],"class_list":["post-4331","point-of-interest","type-point-of-interest","status-publish","has-post-thumbnail","hentry","poi_category-edificios-historicos","tipologia_poi-edificios-historicos"],"acf":[],"_links":{"self":[{"href":"https:\/\/ilcamminodellapace.it\/es\/wp-json\/wp\/v2\/point-of-interest\/4331","targetHints":{"allow":["GET"]}}],"collection":[{"href":"https:\/\/ilcamminodellapace.it\/es\/wp-json\/wp\/v2\/point-of-interest"}],"about":[{"href":"https:\/\/ilcamminodellapace.it\/es\/wp-json\/wp\/v2\/types\/point-of-interest"}],"wp:featuredmedia":[{"embeddable":true,"href":"https:\/\/ilcamminodellapace.it\/es\/wp-json\/wp\/v2\/media\/4332"}],"wp:attachment":[{"href":"https:\/\/ilcamminodellapace.it\/es\/wp-json\/wp\/v2\/media?parent=4331"}],"wp:term":[{"taxonomy":"poi_category","embeddable":true,"href":"https:\/\/ilcamminodellapace.it\/es\/wp-json\/wp\/v2\/poi_category?post=4331"},{"taxonomy":"tipologia_poi","embeddable":true,"href":"https:\/\/ilcamminodellapace.it\/es\/wp-json\/wp\/v2\/tipologia_poi?post=4331"}],"curies":[{"name":"wp","href":"https:\/\/api.w.org\/{rel}","templated":true}]}}

Abadía de Santa María Asunta &#8211; Bominaco

<p>La importante abadía benedictina de Santa María está situada en una colina rocosa dominada por el antiguo castillo de Bominaco, una fortaleza que controlaba tanto la meseta al noreste, atravesada por el camino de las ovejas, como el valle del río Aterno al suroeste. El complejo monástico, del que sólo queda la iglesia, parece haber sido fundado antes del año 1000, pero fue renovado en el siglo XII, en un momento en que estalló una larga disputa por el control de la abadía entre el obispo de Valva y el abad de Bominaco, que no deseaba someterse a la autoridad diocesana. La iglesia, restaurada con la supresión de los añadidos barrocos, tiene planta basilical de tres naves, jalonadas por columnas monolíticas de reutilización y cerradas por otros tantos ábsides; las decoraciones escultóricas del sencillo portal de entrada y las ventanas de una sola lanceta de los ábsides datan del siglo XII, época a la que pertenecen el ambón de piedra preciosa con caja cuadrangular (fechado en 1180 &#8211; fig. derecha), el candelabro para el cirio pascual, enroscado en un león estiliforme con capitel ricamente tallado, y la silla abacial, situada en la parte inferior del ábside central, encargada por el abad Juan en 1184. Fechado en 1223, en cambio, es el valioso conjunto altar-ciborio, con una larga inscripción dedicatoria que recuerda al papa Honorio III, al emperador Federico II y al abad Berardo, que lo encargó.   </p>
