{"id":5175,"date":"2025-11-27T17:14:40","date_gmt":"2025-11-27T17:14:40","guid":{"rendered":"https:\/\/ilcamminodellapace.it\/point-of-interest\/abadia-de-san-giovanni-in-venere-fossacesia\/"},"modified":"2025-11-27T17:14:40","modified_gmt":"2025-11-27T17:14:40","slug":"abadia-de-san-giovanni-in-venere-fossacesia","status":"publish","type":"point-of-interest","link":"https:\/\/ilcamminodellapace.it\/es\/point-of-interest\/abadia-de-san-giovanni-in-venere-fossacesia\/","title":{"rendered":"Abad\u00eda de San Giovanni in Venere &#8211; Fossacesia"},"content":{"rendered":"<p>La abad\u00eda de S. Giovanni in Venere se alza aislada sobre un promontorio que domina un largo tramo de la costa adri\u00e1tica. El atributo \u00abin Venere\u00bb puede derivar de la presencia en la zona de un antiguo templo romano dedicado a la divinidad, del que, sin embargo, no quedan vestigios evidentes. Sin embargo, recientes excavaciones arqueol\u00f3gicas en las inmediaciones del monumento han devuelto tumbas y materiales que datan del siglo V a.C. al VI-VII d.C., pruebas de una larga ocupaci\u00f3n humana de la zona. Entre los siglos IX y X se atestigua la presencia de una sencilla celda mon\u00e1stica, mientras que la fundaci\u00f3n de la abad\u00eda propiamente dicha se debe a la voluntad del conde teatino Transmondo II, a partir del a\u00f1o 1004. Su aspecto final, influido por el estilo borgo\u00f1\u00f3n, es el resultado de las transformaciones llevadas a cabo a partir de 1165 por el abad Oderisio II y las posteriores de 1225\/1230, encargadas por el abad Rainaldo. Construida con bloques de arenisca rojiza, presenta la disposici\u00f3n cl\u00e1sica de la s\u00f3lida arquitectura benedictina de tres naves, en la que, sin embargo, no faltan elementos sorprendentes (obs\u00e9rvense, por ejemplo, los arcos que delimitan el interior, de medio punto en el lado derecho y apuntados en el izquierdo). Es absolutamente digno de menci\u00f3n el portal principal, flanqueado a ambos lados por altorrelieves de m\u00e1rmol de la \u00e9poca del abad Oderisio, magistralmente esculpidos con historias de San Juan Bautista; el luneto superior, de la \u00e9poca del abad Rainaldo junto con la arquivolta, muestra a Cristo entronizado entre la Virgen y San Juan Bautista, mientras que a sus pies hab\u00eda otra escena, desgraciadamente mutilada, con San Benito en la gruta, entre San Rom\u00e1n y otra figura. Amuralladas a la izquierda del portal hay partes del sepulcro de Oderisio, con su epitafio. La factura de los \u00e1bsides es valiosa, con inserciones de ladrillo que forman peque\u00f1os redondeles con decoraci\u00f3n geom\u00e9trica bicrom\u00e1tica, colocados entre una teor\u00eda de arcos ciegos y una imposta labrada con rombos por encima. Bajo el presbiterio elevado se encuentra la cripta, dividida en tramos de b\u00f3vedas de crucer\u00eda sostenidas por peque\u00f1as columnas; en las cuencas absidales hay interesantes frescos del siglo XIII, entre ellos uno con Cristo entre San Miguel Arc\u00e1ngel y San Nicol\u00e1s de Bari (ya mencionado en la Perspectiva del Arc\u00e1ngel), y otro con Cristo sentado en un trono cosmatesco entre dos Juanes, el Bautista y el Evangelista, y los santos Pedro y Pablo. En el luneto del portal lateral derecho hay un San Miguel Arc\u00e1ngel en relieve, mientras que un tercer portal, recompuesto en 1204 utilizando elementos escult\u00f3ricos del siglo X en las jambas y el luneto, conduce al claustro verde con ventanas trilobuladas en tres lados, resultado de una reconstrucci\u00f3n del siglo XX. En el monasterio vive una peque\u00f1a comunidad de padres pasionistas.           <\/p>\n","protected":false},"featured_media":5177,"template":"","meta":{"_acf_changed":false},"poi_category":[49],"tipologia_poi":[50],"class_list":["post-5175","point-of-interest","type-point-of-interest","status-publish","has-post-thumbnail","hentry","poi_category-edificios-historicos","tipologia_poi-edificios-historicos"],"acf":[],"_links":{"self":[{"href":"https:\/\/ilcamminodellapace.it\/es\/wp-json\/wp\/v2\/point-of-interest\/5175","targetHints":{"allow":["GET"]}}],"collection":[{"href":"https:\/\/ilcamminodellapace.it\/es\/wp-json\/wp\/v2\/point-of-interest"}],"about":[{"href":"https:\/\/ilcamminodellapace.it\/es\/wp-json\/wp\/v2\/types\/point-of-interest"}],"wp:featuredmedia":[{"embeddable":true,"href":"https:\/\/ilcamminodellapace.it\/es\/wp-json\/wp\/v2\/media\/5177"}],"wp:attachment":[{"href":"https:\/\/ilcamminodellapace.it\/es\/wp-json\/wp\/v2\/media?parent=5175"}],"wp:term":[{"taxonomy":"poi_category","embeddable":true,"href":"https:\/\/ilcamminodellapace.it\/es\/wp-json\/wp\/v2\/poi_category?post=5175"},{"taxonomy":"tipologia_poi","embeddable":true,"href":"https:\/\/ilcamminodellapace.it\/es\/wp-json\/wp\/v2\/tipologia_poi?post=5175"}],"curies":[{"name":"wp","href":"https:\/\/api.w.org\/{rel}","templated":true}]}}

Abadía de San Giovanni in Venere &#8211; Fossacesia

<p>La abadía de S. Giovanni in Venere se alza aislada sobre un promontorio que domina un largo tramo de la costa adriática. El atributo «in Venere» puede derivar de la presencia en la zona de un antiguo templo romano dedicado a la divinidad, del que, sin embargo, no quedan vestigios evidentes. Sin embargo, recientes excavaciones arqueológicas en las inmediaciones del monumento han devuelto tumbas y materiales que datan del siglo V a.C. al VI-VII d.C., pruebas de una larga ocupación humana de la zona. Entre los siglos IX y X se atestigua la presencia de una sencilla celda monástica, mientras que la fundación de la abadía propiamente dicha se debe a la voluntad del conde teatino Transmondo II, a partir del año 1004. Su aspecto final, influido por el estilo borgoñón, es el resultado de las transformaciones llevadas a cabo a partir de 1165 por el abad Oderisio II y las posteriores de 1225/1230, encargadas por el abad Rainaldo. Construida con bloques de arenisca rojiza, presenta la disposición clásica de la sólida arquitectura benedictina de tres naves, en la que, sin embargo, no faltan elementos sorprendentes (obsérvense, por ejemplo, los arcos que delimitan el interior, de medio punto en el lado derecho y apuntados en el izquierdo). Es absolutamente digno de mención el portal principal, flanqueado a ambos lados por altorrelieves de mármol de la época del abad Oderisio, magistralmente esculpidos con historias de San Juan Bautista; el luneto superior, de la época del abad Rainaldo junto con la arquivolta, muestra a Cristo entronizado entre la Virgen y San Juan Bautista, mientras que a sus pies había otra escena, desgraciadamente mutilada, con San Benito en la gruta, entre San Román y otra figura. Amuralladas a la izquierda del portal hay partes del sepulcro de Oderisio, con su epitafio. La factura de los ábsides es valiosa, con inserciones de ladrillo que forman pequeños redondeles con decoración geométrica bicromática, colocados entre una teoría de arcos ciegos y una imposta labrada con rombos por encima. Bajo el presbiterio elevado se encuentra la cripta, dividida en tramos de bóvedas de crucería sostenidas por pequeñas columnas; en las cuencas absidales hay interesantes frescos del siglo XIII, entre ellos uno con Cristo entre San Miguel Arcángel y San Nicolás de Bari (ya mencionado en la Perspectiva del Arcángel), y otro con Cristo sentado en un trono cosmatesco entre dos Juanes, el Bautista y el Evangelista, y los santos Pedro y Pablo. En el luneto del portal lateral derecho hay un San Miguel Arcángel en relieve, mientras que un tercer portal, recompuesto en 1204 utilizando elementos escultóricos del siglo X en las jambas y el luneto, conduce al claustro verde con ventanas trilobuladas en tres lados, resultado de una reconstrucción del siglo XX. En el monasterio vive una pequeña comunidad de padres pasionistas.           </p>
