{"id":5200,"date":"2025-11-27T13:24:02","date_gmt":"2025-11-27T13:24:02","guid":{"rendered":"https:\/\/ilcamminodellapace.it\/point-of-interest\/convento-de-san-francisco-caracciolo-roccamontepiano\/"},"modified":"2025-11-27T13:24:02","modified_gmt":"2025-11-27T13:24:02","slug":"convento-de-san-francisco-caracciolo-roccamontepiano","status":"publish","type":"point-of-interest","link":"https:\/\/ilcamminodellapace.it\/es\/point-of-interest\/convento-de-san-francisco-caracciolo-roccamontepiano\/","title":{"rendered":"Convento de San Francisco Caracciolo &#8211; Roccamontepiano"},"content":{"rendered":"<p>El Convento de San Francisco Caracciolo, situado en Roccamontepiano, fue fundado en 1421 por los Frailes Menores Observantes de San Francisco de As\u00eds. Sus or\u00edgenes est\u00e1n vinculados a la elecci\u00f3n del padre Antonio Cervi en 1338 como rector de la provincia franciscana de los Abruzos. Durante siglos, el monasterio desempe\u00f1\u00f3 un papel esencial en la comunidad, ofreciendo educaci\u00f3n y apoyo a la poblaci\u00f3n. En el siglo XIV era el principal monasterio de la zona, pero fue suprimido en 1861 en virtud de las leyes piamontesas y posteriormente devuelto a los frailes franciscanos. La estructura actual es de estilo renacentista-barroco, con una iglesia de planta rectangular y un claustro cuadrangular con un pozo central. El interior barroco tard\u00edo alberga importantes pinturas religiosas de los siglos XV y XVII, as\u00ed como los restos de Tommaso da Firenze y del beato Giovanni Lombardo.     <\/p>\n","protected":false},"featured_media":5201,"template":"","meta":{"_acf_changed":false},"poi_category":[49],"tipologia_poi":[50],"class_list":["post-5200","point-of-interest","type-point-of-interest","status-publish","has-post-thumbnail","hentry","poi_category-edificios-historicos","tipologia_poi-edificios-historicos"],"acf":[],"_links":{"self":[{"href":"https:\/\/ilcamminodellapace.it\/es\/wp-json\/wp\/v2\/point-of-interest\/5200","targetHints":{"allow":["GET"]}}],"collection":[{"href":"https:\/\/ilcamminodellapace.it\/es\/wp-json\/wp\/v2\/point-of-interest"}],"about":[{"href":"https:\/\/ilcamminodellapace.it\/es\/wp-json\/wp\/v2\/types\/point-of-interest"}],"wp:featuredmedia":[{"embeddable":true,"href":"https:\/\/ilcamminodellapace.it\/es\/wp-json\/wp\/v2\/media\/5201"}],"wp:attachment":[{"href":"https:\/\/ilcamminodellapace.it\/es\/wp-json\/wp\/v2\/media?parent=5200"}],"wp:term":[{"taxonomy":"poi_category","embeddable":true,"href":"https:\/\/ilcamminodellapace.it\/es\/wp-json\/wp\/v2\/poi_category?post=5200"},{"taxonomy":"tipologia_poi","embeddable":true,"href":"https:\/\/ilcamminodellapace.it\/es\/wp-json\/wp\/v2\/tipologia_poi?post=5200"}],"curies":[{"name":"wp","href":"https:\/\/api.w.org\/{rel}","templated":true}]}}

<p>El Convento de San Francisco Caracciolo, situado en Roccamontepiano, fue fundado en 1421 por los Frailes Menores Observantes de San Francisco de Asís. Sus orígenes están vinculados a la elección del padre Antonio Cervi en 1338 como rector de la provincia franciscana de los Abruzos. Durante siglos, el monasterio desempeñó un papel esencial en la comunidad, ofreciendo educación y apoyo a la población. En el siglo XIV era el principal monasterio de la zona, pero fue suprimido en 1861 en virtud de las leyes piamontesas y posteriormente devuelto a los frailes franciscanos. La estructura actual es de estilo renacentista-barroco, con una iglesia de planta rectangular y un claustro cuadrangular con un pozo central. El interior barroco tardío alberga importantes pinturas religiosas de los siglos XV y XVII, así como los restos de Tommaso da Firenze y del beato Giovanni Lombardo.     </p>
