{"id":4318,"date":"2025-11-21T11:57:30","date_gmt":"2025-11-21T11:57:30","guid":{"rendered":"https:\/\/ilcamminodellapace.it\/strut-accoglienza\/convento-de-san-mateo\/"},"modified":"2025-11-21T11:57:30","modified_gmt":"2025-11-21T11:57:30","slug":"convento-de-san-mateo","status":"publish","type":"strut-accoglienza","link":"https:\/\/ilcamminodellapace.it\/es\/strut-accoglienza\/convento-de-san-mateo\/","title":{"rendered":"Convento de San Mateo"},"content":{"rendered":"<p>Est\u00e1 situado a lo largo de la \u00abVia Sacra Langobardorum\u00bb, a 750 m de altitud. Es una imponente construcci\u00f3n cuadrangular, enclavada entre las verdes laderas del monte Celano. Fue fundada por los benedictinos entre los siglos VII y VIII con el nombre de San Giovanni in Lamis; tras muchos siglos de vicisitudes, se llev\u00f3 all\u00ed una reliquia del Ap\u00f3stol San Mateo, en torno a la cual se desarroll\u00f3 una gran devoci\u00f3n popular que hizo que la Abad\u00eda pasara a llamarse Convento de San Mateo. Interior: estatua de madera de San Mateo del siglo XIII; altar mayor de m\u00e1rmol policromado del siglo XVII; coro de madera del siglo XVII.   <\/p>\n","protected":false},"featured_media":4321,"template":"","meta":{"_acf_changed":false},"accomodation_category":[55],"class_list":["post-4318","strut-accoglienza","type-strut-accoglienza","status-publish","has-post-thumbnail","hentry","accomodation_category-donde-dormir"],"acf":[],"_links":{"self":[{"href":"https:\/\/ilcamminodellapace.it\/es\/wp-json\/wp\/v2\/strut-accoglienza\/4318","targetHints":{"allow":["GET"]}}],"collection":[{"href":"https:\/\/ilcamminodellapace.it\/es\/wp-json\/wp\/v2\/strut-accoglienza"}],"about":[{"href":"https:\/\/ilcamminodellapace.it\/es\/wp-json\/wp\/v2\/types\/strut-accoglienza"}],"wp:featuredmedia":[{"embeddable":true,"href":"https:\/\/ilcamminodellapace.it\/es\/wp-json\/wp\/v2\/media\/4321"}],"wp:attachment":[{"href":"https:\/\/ilcamminodellapace.it\/es\/wp-json\/wp\/v2\/media?parent=4318"}],"wp:term":[{"taxonomy":"accomodation_category","embeddable":true,"href":"https:\/\/ilcamminodellapace.it\/es\/wp-json\/wp\/v2\/accomodation_category?post=4318"}],"curies":[{"name":"wp","href":"https:\/\/api.w.org\/{rel}","templated":true}]}}

<p>Está situado a lo largo de la «Via Sacra Langobardorum», a 750 m de altitud. Es una imponente construcción cuadrangular, enclavada entre las verdes laderas del monte Celano. Fue fundada por los benedictinos entre los siglos VII y VIII con el nombre de San Giovanni in Lamis; tras muchos siglos de vicisitudes, se llevó allí una reliquia del Apóstol San Mateo, en torno a la cual se desarrolló una gran devoción popular que hizo que la Abadía pasara a llamarse Convento de San Mateo. Interior: estatua de madera de San Mateo del siglo XIII; altar mayor de mármol policromado del siglo XVII; coro de madera del siglo XVII.   </p>
