{"id":5221,"date":"2025-11-21T12:08:30","date_gmt":"2025-11-21T12:08:30","guid":{"rendered":"https:\/\/ilcamminodellapace.it\/strut-accoglienza\/albergue-torre-francigena\/"},"modified":"2025-11-21T12:08:30","modified_gmt":"2025-11-21T12:08:30","slug":"albergue-torre-francigena","status":"publish","type":"strut-accoglienza","link":"https:\/\/ilcamminodellapace.it\/es\/strut-accoglienza\/albergue-torre-francigena\/","title":{"rendered":"Albergue Torre Francigena"},"content":{"rendered":"<p>Este espacio, dise\u00f1ado para alojar exclusivamente a excursionistas y peregrinos a pie, ofrece una oportunidad \u00fanica de experimentar la V\u00eda Franc\u00edgena y el Camino della Pace en un entorno aut\u00e9ntico y evocador. El albergue est\u00e1 situado en una de las torres medievales de Corso Giacomo Matteotti 107, un lugar rico en historia y encanto. Inmerso en el ambiente hist\u00f3rico de San Giovanni Rotondo, el nuevo albergue es un punto de referencia estrat\u00e9gico para los peregrinos que recorren la V\u00eda Franc\u00edgena y el Camino de la Paz, ofreci\u00e9ndoles un refrescante descanso en medio de su viaje.  <\/p>\n","protected":false},"featured_media":5223,"template":"","meta":{"_acf_changed":false},"accomodation_category":[55],"class_list":["post-5221","strut-accoglienza","type-strut-accoglienza","status-publish","has-post-thumbnail","hentry","accomodation_category-donde-dormir"],"acf":[],"_links":{"self":[{"href":"https:\/\/ilcamminodellapace.it\/es\/wp-json\/wp\/v2\/strut-accoglienza\/5221","targetHints":{"allow":["GET"]}}],"collection":[{"href":"https:\/\/ilcamminodellapace.it\/es\/wp-json\/wp\/v2\/strut-accoglienza"}],"about":[{"href":"https:\/\/ilcamminodellapace.it\/es\/wp-json\/wp\/v2\/types\/strut-accoglienza"}],"wp:featuredmedia":[{"embeddable":true,"href":"https:\/\/ilcamminodellapace.it\/es\/wp-json\/wp\/v2\/media\/5223"}],"wp:attachment":[{"href":"https:\/\/ilcamminodellapace.it\/es\/wp-json\/wp\/v2\/media?parent=5221"}],"wp:term":[{"taxonomy":"accomodation_category","embeddable":true,"href":"https:\/\/ilcamminodellapace.it\/es\/wp-json\/wp\/v2\/accomodation_category?post=5221"}],"curies":[{"name":"wp","href":"https:\/\/api.w.org\/{rel}","templated":true}]}}

<p>Este espacio, diseñado para alojar exclusivamente a excursionistas y peregrinos a pie, ofrece una oportunidad única de experimentar la Vía Francígena y el Camino della Pace en un entorno auténtico y evocador. El albergue está situado en una de las torres medievales de Corso Giacomo Matteotti 107, un lugar rico en historia y encanto. Inmerso en el ambiente histórico de San Giovanni Rotondo, el nuevo albergue es un punto de referencia estratégico para los peregrinos que recorren la Vía Francígena y el Camino de la Paz, ofreciéndoles un refrescante descanso en medio de su viaje.  </p>
