{"id":5236,"date":"2025-11-17T15:13:56","date_gmt":"2025-11-17T15:13:56","guid":{"rendered":"https:\/\/ilcamminodellapace.it\/strut-accoglienza\/albergue-fiume-tirino\/"},"modified":"2025-11-17T15:13:56","modified_gmt":"2025-11-17T15:13:56","slug":"albergue-fiume-tirino","status":"publish","type":"strut-accoglienza","link":"https:\/\/ilcamminodellapace.it\/es\/strut-accoglienza\/albergue-fiume-tirino\/","title":{"rendered":"Albergue Fiume Tirino"},"content":{"rendered":"<p>La instalaci\u00f3n, de reciente construcci\u00f3n, est\u00e1 clasificada como Albergue Juvenil, es propiedad de la Provincia de Pescara y est\u00e1 gestionada por la Cooperativa Il Bosso desde 2012. El albergue est\u00e1 situado en el coraz\u00f3n de los Abruzos, en el distrito del Valle de Tirino, la puerta sur del Parque Nacional del Gran Sasso y los Montes de la Laga. El establecimiento se encuentra a pocos metros de uno de los r\u00edos m\u00e1s claros y limpios de Italia, el Tirino, y en las inmediaciones comienzan numerosas rutas de senderismo e itinerarios adecuados para practicar senderismo, marcha n\u00f3rdica, pirag\u00fcismo o kayak y ciclismo de monta\u00f1a.<br \/>\nEl albergue dispone de 6 habitaciones para un total de 24 plazas, cocina, lavander\u00eda, una amplia zona de descanso con TV, conexi\u00f3n wi-fi en todo el establecimiento y un jard\u00edn amueblado.  <\/p>\n","protected":false},"featured_media":5237,"template":"","meta":{"_acf_changed":false},"accomodation_category":[55],"class_list":["post-5236","strut-accoglienza","type-strut-accoglienza","status-publish","has-post-thumbnail","hentry","accomodation_category-donde-dormir"],"acf":[],"_links":{"self":[{"href":"https:\/\/ilcamminodellapace.it\/es\/wp-json\/wp\/v2\/strut-accoglienza\/5236","targetHints":{"allow":["GET"]}}],"collection":[{"href":"https:\/\/ilcamminodellapace.it\/es\/wp-json\/wp\/v2\/strut-accoglienza"}],"about":[{"href":"https:\/\/ilcamminodellapace.it\/es\/wp-json\/wp\/v2\/types\/strut-accoglienza"}],"wp:featuredmedia":[{"embeddable":true,"href":"https:\/\/ilcamminodellapace.it\/es\/wp-json\/wp\/v2\/media\/5237"}],"wp:attachment":[{"href":"https:\/\/ilcamminodellapace.it\/es\/wp-json\/wp\/v2\/media?parent=5236"}],"wp:term":[{"taxonomy":"accomodation_category","embeddable":true,"href":"https:\/\/ilcamminodellapace.it\/es\/wp-json\/wp\/v2\/accomodation_category?post=5236"}],"curies":[{"name":"wp","href":"https:\/\/api.w.org\/{rel}","templated":true}]}}

<p>La instalación, de reciente construcción, está clasificada como Albergue Juvenil, es propiedad de la Provincia de Pescara y está gestionada por la Cooperativa Il Bosso desde 2012. El albergue está situado en el corazón de los Abruzos, en el distrito del Valle de Tirino, la puerta sur del Parque Nacional del Gran Sasso y los Montes de la Laga. El establecimiento se encuentra a pocos metros de uno de los ríos más claros y limpios de Italia, el Tirino, y en las inmediaciones comienzan numerosas rutas de senderismo e itinerarios adecuados para practicar senderismo, marcha nórdica, piragüismo o kayak y ciclismo de montaña.<br />
El albergue dispone de 6 habitaciones para un total de 24 plazas, cocina, lavandería, una amplia zona de descanso con TV, conexión wi-fi en todo el establecimiento y un jardín amueblado.  </p>
